3. Calculate the highest common factor of b and r.
8
Let x(t) = t**3 - 5*t**2 - 5*t - 28. Let d = 214 - 207. Let w be x(d). Calculate the highest common factor of w and 30.
5
Let w(k) = 87*k**2 + 26*k + 216. Let s be w(-12). What is the greatest common divisor of s and 24?
24
Let o be (10/(-60)*4)/(2/(-39)). Calculate the greatest common factor of 689 and o.
13
Let u(k) = 7*k - 10. Let l be u(5). Let c be (4/(-10))/1 + 135/l. Suppose 2*g + c*g = 392. Calculate the greatest common factor of 16 and g.
8
Suppose 3*i = 827 + 145. Suppose 5*w = i + 446. What is the greatest common divisor of 70 and w?
14
Suppose -4*n = -4, b - 14 = -3*b - 2*n. Suppose 6 = -x + 3*x + 3*i, b*x - 22 = 2*i. Calculate the greatest common divisor of x and 8.
2
Let k = -22 - -112. Let h be 2 + k - (-7 - -3). Suppose 4*s - h = -24. Calculate the greatest common divisor of 72 and s.
18
Let t = 73386 - 73353. Suppose u + x = 26, u + 3*x = 6*x + 6. Calculate the highest common factor of u and t.
3
Suppose -b + 2 = -8. Suppose 65*n - 67*n - 2*d + 6 = 0, 0 = -2*d - 14. Calculate the highest common divisor of n and b.
10
Suppose -n + 2*b = -0*n - 9, 0 = -3*n + 4*b + 21. Suppose 0 = j - 2*g - 30 - 483, -n*g - 511 = -j. Calculate the greatest common divisor of j and 33.
11
Let q be (-68)/(-16) - (-2)/(-8). Let u be (-2 - (-3 + q)) + 7. Let d be 2/u - (-28)/8. What is the highest common factor of d and 32?
4
Suppose -3*x + 13 = 2*s, -3*x - 5 = -2*s - 34. Suppose x*c - 10*c = -60. What is the greatest common factor of c and 20?
20
Let n(m) = -m**3 + 9*m**2 + 178*m + 157. Let k be n(-12). Calculate the greatest common divisor of k and 15.
5
Suppose 0 = -3*w + 7*l - 2*l + 13, -5*l = 2*w + 8. Let r be (2 - (-34 - 0)) + w*-5. What is the greatest common factor of r and 2?
1
Let n be 4*(1065/20)/3. Suppose 0 = 3*v - 73 - n. What is the highest common divisor of 9 and v?
3
Let l be (-1 - (2 + -121)) + -2. Let s = 6053 - 6024. What is the highest common factor of l and s?
29
Suppose 99 = 4*x + 135. Let h be (-114)/x*5 - 2/6. Calculate the highest common divisor of 9 and h.
9
Let m = -27 - -56. Suppose -c + m = a + a, 5*c = 2*a - 23. Let x be a/4*16/14. Calculate the greatest common factor of 32 and x.
4
Suppose 0 = -93*k + 89*k - 28, -5*a + 1119 = -2*k. Let c be ((-52)/(-6))/(2/9). Calculate the greatest common factor of c and a.
13
Suppose -72*h = -5*m - 69*h + 1737, 4*m = 5*h + 1374. Calculate the highest common divisor of 13 and m.
13
Let i be (-5 - -9 - 5)*(-38 + (-25)/5). What is the greatest common factor of i and 15480?
43
Let k = -957 - -953. Let u(n) = 4*n**2 - 6*n + 5 + 2*n**2 + 3. Let z be u(k). What is the greatest common divisor of z and 32?
32
Let c(k) = -k**2 - 7*k + 22. Let o be c(4). Let w(r) = 6*r + 146. Let x be w(o). What is the highest common divisor of x and 154?
14
Suppose -548 = -4*z + 218 + 118. What is the greatest common divisor of 52 and z?
13
Let f(l) = l**2 + 2*l - 135. Let y be f(-20). Let r(i) = -151*i**3 - i**2 + i + 1. Let x be r(-1). What is the greatest common factor of y and x?
75
Let c(j) = -16*j + 1. Let n be c(-1). Let q = 330 + -325. Suppose -3*w - a + 48 = 0, 6*a - 94 = -q*w + 9*a. What is the greatest common divisor of n and w?
17
Suppose 2*h = -4*h + 6. Suppose -321 + h = -10*k. Calculate the highest common divisor of k and 1.
1
Let v = -63 + 73. Suppose -8*d + v*d - 6 = 0. Suppose 5*q + s = 21, d*s = 4*q + 4*s - 17. Calculate the greatest common factor of q and 20.
4
Let w be 481941/63 + 6/42. What is the highest common factor of 300 and w?
150
Suppose -14*u = -23*u + 216. Let l = -81 - -193. What is the greatest common factor of l and u?
8
Let w = -28053 - -28065. Suppose -5*r = -42 + 12. What is the highest common factor of r and w?
6
Let s be ((-11)/(-2))/((-1)/(-34)). Let q = 346 - -37. Let a = 400 - q. Calculate the highest common factor of a and s.
17
Suppose -a - 621 + 698 = 0. Calculate the highest common factor of 245 and a.
7
Let z = -258 - -446. Suppose h + 166 = z. Calculate the greatest common factor of 99 and h.
11
Suppose -n + 936 = 4*v, -58 = v - 2*n - 292. Calculate the highest common factor of v and 494.
26
Let x(b) be the first derivative of -2*b + 5/2*b**2 - 8 - 1/4*b**4 - 5/3*b**3. Let r be x(-6). What is the highest common factor of r and 28?
4
Suppose -5*s = v - 24, -13*v + s = -9*v - 33. Suppose 8 = 5*l - 2. Suppose -2*u - l*h = 0, -2*u = -5*h - v - 5. Calculate the highest common factor of 22 and u.
2
Let v be 1 + (-2 - -5) - -34. Let l = -37 + v. Let j be (64/8)/(l/11). Calculate the greatest common factor of j and 8.
8
Let x be 0 + -7 - (-50 + -541). Suppose -6*h + x = -2080. Calculate the highest common divisor of h and 36.
12
Let m(b) = -4*b - 1. Let w be m(-2). Suppose w*l - 16 = -l. Let a be 14/((7 - l)/45). What is the highest common divisor of a and 36?
18
Let p(v) be the second derivative of -v**4/12 - 17*v**3/6 - 5*v**2 + 48*v. Let t be p(-13). Calculate the greatest common divisor of 30 and t.
6
Suppose -5*h = -5*y - 1155, 0 = -h + 4*y + 54 + 168. Calculate the highest common factor of 3068 and h.
26
Let l(y) = -5*y**2 + 4. Let i be l(3). Let r = i - -68. Suppose 4*a - 4*m + 12 = 0, -600*a + 599*a = m - 9. What is the greatest common divisor of r and a?
3
Let i = -920 - -644. Let z be (-4462)/i - 1/6. Calculate the greatest common factor of z and 256.
16
Let a be ((-288)/45 + 7)/(6/30). Calculate the greatest common factor of a and 199.
1
Let q be (-6 - 1)*((-6354)/21 - -6). Let z be q/(-14) + (-4)/(-14)*1. Let n = 209 + z. What is the greatest common factor of n and 244?
61
Let u(h) = 34*h**2 + 1461*h + 2. Let x be u(-43). What is the highest common factor of 2535 and x?
15
Let y = -9 + 7. Let x be y/(4/330*-3). Suppose -3*q + 4 = -4*s - 45, -4*s = -4*q + 60. What is the highest common divisor of q and x?
11
Suppose -3*p = -2*h + 4*h - 7, 5*h = 5*p - 20. Let t be (-130)/(-104)*(51 - h). Calculate the greatest common factor of t and 26.
13
Suppose 4*w - 13*y - 658 = -10*y, -y + 513 = 3*w. Calculate the greatest common divisor of 221 and w.
13
Let z(w) = -w**3 + 13*w**2 - 9*w + 20. Let x(k) = k**2. Let s(i) = -4*x(i) + z(i). Let j be s(8). What is the highest common factor of j and 9?
3
Let i be (-220)/33*18/(-4). Let v = i - 30. Suppose v = -8*p + 2*p + 756. What is the greatest common factor of 14 and p?
14
Suppose 5*b - 316 = -4*h, -143 = -3*b - h + 48. Let k = b + -5. Let p = k - 49. What is the highest common divisor of 110 and p?
10
Let b(s) = s**3 - 21*s**2 - 70*s - 192. Let h be b(26). What is the highest common divisor of h and 72?
72
Suppose 0*t + 166 = 2*t - 4*u, 55 = t + 5*u. Let h = t - 69. Let o be ((-14)/h)/((-1)/(-132)*-4). Calculate the greatest common factor of o and 22.
11
Suppose 2*b + b = 0. Suppose a + a - 74 = b. Let s = -20 + a. What is the highest common divisor of s and 136?
17
Let t be (-7*(-6)/84)/(2/28). Suppose y = t + 1. Calculate the greatest common divisor of 40 and y.
8
Let u be 44/(-385)*-10 - 8280/(-7). Calculate the highest common divisor of 740 and u.
148
Let i be 50 + 2/((5 + 2)/14). Calculate the greatest common factor of 18 and i.
18
Suppose 3*f = -v - 130, 2*v - 5*f = -91 - 213. Let t = -138 - v. What is the greatest common factor of 68 and t?
4
Let y be 2*1/4*4. Suppose 0 = -y*d + 20 + 20. Let a(v) = 3*v**2 + 34*v - 5. Let q be a(-15). What is the greatest common divisor of d and q?
20
Let c be -1677*((-48)/(-112)*-2)/((-18)/(-28)). Calculate the highest common factor of 156 and c.
52
Suppose 0 = 4*l + 2*h - 88, 3 = -4*h - 5. Suppose 19*u = l*u - 1848. What is the greatest common factor of 42 and u?
42
Let a be ((-22)/(-5))/(215/(-75) + 3). Suppose -2*v + 5*y = 3*v - 40, 5*y + 29 = 4*v. Calculate the greatest common factor of v and a.
11
Suppose -z - 3 = 0, -2*w = 2*w - 3*z - 41. Let j = -39 - 21. Let u = -40 - j. What is the highest common divisor of u and w?
4
Let s = -18 - -92. Let w = -55 + s. Calculate the highest common divisor of w and 19.
19
Let d(m) = 94*m**2 + 4*m + 3. Let k be d(-3). Suppose -7*h = 4*i - 193, 268*i = 2*h + 263*i - 49. Calculate the highest common divisor of k and h.
27
Let i be 4 - (2 + (-31 - 3)). Suppose -35*p = -i*p + 10. Suppose 0*s + 9*s = 720. Calculate the greatest common divisor of s and p.
10
Let q = -52 - -514. Let w be ((-11)